se
Suppose -255 + 23 = -8*p. Is 3 a factor of p?
False
Suppose 5*f + 2*n - 6*n = 157, -3*n = 3*f - 105. Does 11 divide f?
True
Suppose 0 = 5*c - 5*s - 110, -2*c - 3*c - 5*s = -130. Does 14 divide c?
False
Let p(m) = 2*m - 8. Let z be p(7). Suppose z = -4*f + 5*f. Is 3 a factor of f?
True
Suppose -6*i = -i - 35. Is 3 a factor of 23/i + (-2)/7?
True
Suppose v = -2*k + 42, -2*v + 178 = 2*v - 2*k. Does 11 divide v?
True
Let m be (-6 + 5)*1*-9. Suppose 6*s - 2*s - 14 = -2*f, -3*s + m = f. Suppose 102 = f*a - i, 6 = -i - i. Does 12 divide a?
False
Suppose 0 = -4*a + 3*s + 19 + 24, 0 = 3*a - s - 31. Is a even?
True
Let c(a) = 6*a + 13. Let d(q) = -9*q - 19. Let t(s) = 7*c(s) + 5*d(s). Is t(-7) a multiple of 17?
True
Suppose 3*m + 5*l + 140 = 0, 5*l - 235 = 4*m + 2*l. Let k = 164 + m. Suppose 0 = 5*q - k + 14. Is 9 a factor of q?
False
Suppose 0 = -2*p + 4*p. Let b(g) = g**2 - 3*g + 66. Let c be b(0). Suppose v - c = -2*z - 0*v, 3*z - v - 104 = p. Is z a multiple of 17?
True
Is -14*(9/(-6) + 0) a multiple of 13?
False
Suppose -54 = 6*w - 3*w. Does 3 divide (5/2)/((-3)/w)?
True
Let f(y) be the first derivative of 17/2*y**2 + 2 - y. Does 8 divide f(1)?
True
Let g be (-6)/9 + (-5)/(-3). Let p be 1 + (g - 0)*-4. Let m(j) = 4*j**2 + 5*j + 2. Is 9 a factor of m(p)?
False
Let z(x) = -4*x + 21. Does 7 divide z(-13)?
False
Let k be 5/((-20)/(-6))*-66. Is k/(-12) - 1/4 a multiple of 8?
True
Let d be (-183)/(-21) - (-4)/14. Suppose 3*j - 4*g = 62, d = -4*g + 1. Is j a multiple of 5?
False
Suppose -5*b + 79 = g, 5*g - b = 2*b + 395. Is 20 a factor of g?
False
Let a(p) = 2*p**2 - 18*p + 32. Is a(17) a multiple of 45?
False
Suppose 5*o - 5*p = 405, -73 = -o - 2*p + 17. Is 6 a factor of o?
True
Let a be 1 + (-1 - -2) + 0. Suppose -d - 2*z - 6 = 0, d + z + 2 = -a. Does 10 divide (-4)/(d - (-9)/5)?
True
Let l(t) = -2*t + 4. Let n be l(3). Let r(i) = -i. Let a be r(n). Does 10 divide 1*(a - 54/(-3))?
True
Let l(w) = -w - 1. Let t be l(-6). Suppose -t*d + 22 + 58 = 0. Is d a multiple of 8?
True
Let i(y) = y**3 - 1. Let g be i(0). Is (-1)/((1/35)/g) a multiple of 11?
False
Suppose 3*p - i = 8*p - 322, p - 54 = 5*i. Does 6 divide p?
False
Let k = -15 + 32. Does 8 divide k?
False
Let h = -33 + 61. Suppose 0 = -6*y + 4*y - h. Does 5 divide (-88)/y - (-2)/(-7)?
False
Is (-2)/(-13) - (-4278)/78 a multiple of 11?
True
Suppose -u = -3*u + 1446. Suppose -k + 0*m = -2*m - 184, 4*k + 5*m - u = 0. Suppose -2*r - 74 + k = 0. Does 18 divide r?
True
Suppose 4*d + 33 = 4*g + 5*d, 5*g - 5*d - 60 = 0. Suppose h - 2*h + g = 0. Is h a multiple of 9?
True
Suppose 3*p - 5*t = 127 + 10, -t = -5*p + 199. Is 13 a factor of p?
True
Suppose 5*q - 1 - 119 = 0. Let p be (-20)/q + (-2)/12. Is 13 a factor of (18/15)/(p/(-30))?
False
Let t = -6 + -1. Let d(z) = z**3 + 8*z**2 + 5*z - 10. Let j be d(t). Suppose 5*i - 161 = j. Is i a multiple of 11?
True
Let w(r) = -r**2 + 8*r + 4. Let u be w(8). Suppose -t = 2*t + o - 72, 2*t + u*o = 38. Is 12 a factor of t?
False
Let r(z) = -2*z**3 - 7*z**2 + z + 15. Let m(v) = v**3 + 3*v**2 - v - 8. Suppose -2*h - 3 = 7. Let t(b) = h*m(b) - 3*r(b). Is t(-5) a multiple of 10?
True
Let u(d) = -2*d - 8. Let k be u(-7). Let f = k - -4. Is 10 a factor of f?
True
Does 6 divide ((-39)/6)/(1/(-2))?
False
Let q(i) = 2*i**3 - 9*i**2 + 3*i + 2. Is q(6) a multiple of 13?
False
Let i(l) = l**3 + 9*l**2 + l + 4. Let z(n) = n**3 + 10*n**2 + 3. Let b(k) = 5*i(k) - 4*z(k). Is 2 a factor of b(-4)?
True
Let x = -32 + 12. Let l = x - -36. Is l a multiple of 7?
False
Let h be (1 + (-15)/6)*-744. Is h/45 + 8/(-10) a multiple of 24?
True
Let f = -4 - -19. Does 8 divide ((-16)/(-5))/(3/f)?
True
Suppose -a + 2*a = 2. Does 16 divide 8/(-3)*a*-3?
True
Let j(m) = m**3 - 2. Is 15 a factor of j(3)?
False
Let p be ((-8)/6)/(8/(-276)). Suppose -4*a + 2*a + p = -f, 0 = 3*a + 3*f - 78. Does 6 divide a?
True
Let y = 67 - 46. Does 14 divide (-106)/(-8) - y/(-28)?
True
Let y be (-9)/6 + 1/(-2). Let d be (-21)/(-12)*2*y. Let v(b) = b**3 + 6*b**2 - 8*b - 1. Is 3 a factor of v(d)?
True
Suppose -6*n + 6 = -138. Is n a multiple of 15?
False
Let c = -17 - -112. Is c a multiple of 12?
False
Suppose 3*r + 4*o = 248, -5*r + 392 = -4*o - 0*o. Let d(q) = q + 3. Let w be d(-3). Suppose r = 5*l + 4*p, w*l - 27 = -l - 3*p. Is 12 a factor of l?
True
Let i(h) = -h + 8*h + 9 - 8*h. Is 17 a factor of i(-8)?
True
Suppose 3*r - w = -6 - 5, 5*r + w + 5 = 0. Let n be -15*r*(-2)/(-12). Suppose 4*c - n*f = 6, -2*c - f = c - 14. Is c a multiple of 2?
True
Let s = 105 + -75. Is 10 a factor of s?
True
Let q(l) = -3*l**3 - l**2 + l + 2. Let h be q(-2). Let p = -16 + h. Does 4 divide p?
True
Does 30 divide 24/(-16)*388/(-6) + 0?
False
Let h(k) = 65*k**2 - k. Let o be h(1). Suppose 4*j = 6*j - o. Suppose 2*v = -4 + j. Is 7 a factor of v?
True
Suppose -2*q + 103 = 3. Is 5 a factor of q?
True
Suppose 4*n - 3*n + 1 = 0, -4*u = 4*n - 4. Suppose 0 = u*r - 3 - 5. Suppose m + 3*l = 59 + 6, r*m - l = 221. Is 20 a factor of m?
False
Suppose -10 = -3*f + 11. Let y(c) = c**3 - 7*c**2 - 5*c + 8. Let g(w) = -2*w**3 + 15*w**2 + 10*w - 17. Let m(b) = f*y(b) + 3*g(b). Does 3 divide m(5)?
False
Suppose 5*w = l + 29, 3*l + 3 = -3*w + 6. Does 3 divide (-6)/l*(-120)/(-18)?
False
Let y(t) = -2*t - 11. Suppose 0*j + 23 = -4*l - 3*j, -55 = 5*l - 5*j. Is 5 a factor of y(l)?
True
Suppose -16*k = 18 - 130. Is k even?
False
Let k = -25 + 48. Does 7 divide k?
False
Let t(r) = 5*r - 29. Let g(b) = b - 1. Let u(o) = 6*g(o) - t(o). Is u(-10) a multiple of 12?
False
Suppose 0 = -8*v + 10*v - 68. Is v a multiple of 19?
False
Is 10 a factor of 6/(-14) - ((-796)/14)/2?
False
Let x = -9 - -15. Is 6 a factor of x?
True
Let s(m) = 3*m - 6. Let p be s(8). Suppose -34 - p = -2*g. Is 13 a factor of g?
True
Let r(g) = 2*g**2 - 10*g - 16. Is r(-5) a multiple of 21?
True
Let j = -3 - -7. Suppose -272 = -3*y - 2*b - 3*b, b = -j*y + 340. Does 27 divide y?
False
Suppose 2 = 2*k - 2. Let b(m) = -2*m**2 - 4*m**3 + m**2 + 5*m**3 + m. Does 6 divide b(k)?
True
Let d(g) = -g + 3. Let q be d(0). Suppose -2*h = -4*u + 70, -2*h = q*u + 2*h - 25. Does 9 divide u?
False
Suppose -2*p - 36 + 2 = 0. Let i be ((-18)/(-8))/((-2)/(-32)). Let f = p + i. Is f a multiple of 11?
False
Let k be 1/(2 - (-74)/(-38)). Let v = 58 - k. Suppose j + 2*j - v = 0. Is j a multiple of 6?
False
Let f be (-11)/22 + (-4437)/2. Is 11 a factor of f/(-63) - (-2)/(-9)?
False
Suppose 6*y = 4*y + 182. Suppose v + 3*n = 3*v - 49, 3*v - n = y. Suppose -v = -4*o + 12. Does 5 divide o?
False
Let d be (3/(-5))/((-2)/10). Let c = d - -11. Let g = -10 + c. Is 4 a factor of g?
True
Suppose -11 = 4*q - 31. Suppose q*j - 9*j + 272 = 0. Is j a multiple of 17?
True
Let z = 82 - 79. Is z a multiple of 2?
False
Let c be (24/16)/(1/22). Does 22 divide 4/(-3)*c/(-2)?
True
Suppose 5*s + 4*m = 587 + 475, -5*s + 1056 = 2*m. Is 10 a factor of s?
True
Let s = 6 - 6. Suppose d = -s*d - 2, -5*f + 158 = -4*d. Is 12 a factor of f?
False
Let x = -1 + -3. Let k be ((-37)/x - 1)*-4. Let d = 83 + k. Is d a multiple of 17?
False
Let w = -82 - -48. Let z = -60 - w. Let v = 48 + z. Does 22 divide v?
True
Let r = -231 - -432. Is 14 a factor of r?
False
Let u = -82 - -217. Does 12 divide u?
False
Let u be ((-260)/(-6))/((-2)/(-3)). Suppose -5*q - u + 465 = 0. Suppose 0 = 3*c + 2*c - q. Does 8 divide c?
True
Suppose -q + 10 = -2*b, 0 = -2*q - 4*b + 40 + 12. Suppose 0*t = -2*t + q. Does 9 divide t?
True
Let w(h) = 19*h**2 - 2*h - 2. Is w(-1) a multiple of 2?
False
Let f be 96/(-2)*12/(-9). Suppose h = 3*h - f. Is 16 a factor of h?
True
Is 23 a factor of (2 + 0 + 7)*3?
False
Let k = -46 + 69. Suppose -2*u + k = -7. Is u a multiple of 13?
False
Let b be (-7)/(1/(-1)) + -2. Suppose p - 3*o = -0*p + 71, -b*p = 3*o - 337. Suppose q - p = -3*q. Is q a multiple of 17?
True
Suppose 4*l - 4*o - 20 = 0, 36 = 3*l + 4*o - 0*o. Is 3 a factor of l?
False
Let n be ((-8)/5)/((-2)/(-20)). Let a = -5 - n. Is 8 a factor of a?
False
Let t(g) = -3*g**3 + g**2 - 2*g - 2. Let s(q) = -q - 1. Let m be s(-4). Let x be t(m). Is 9 a factor of x/(-6)*(-3)/(-2)?
False
Suppose -5*o + 2*a = -136 - 363, 0 = 2*a - 6. Let m = o + -63. Is m a multiple of 19?
True
Let q = 68 + -28. Does 11 divide q?
False
Let p be (1/2)/(3/(-120)). Let j = 42 + p. Is j a multiple of 8?
False
Let d(c) = c